{"id":22423,"date":"2022-10-19T12:31:11","date_gmt":"2022-10-19T09:31:11","guid":{"rendered":"https:\/\/maarjamagdaleenagild.ee\/pood\/?post_type=product&#038;p=22423"},"modified":"2023-10-05T11:34:38","modified_gmt":"2023-10-05T08:34:38","slug":"lobus-ja-loov-maalimine","status":"publish","type":"product","link":"https:\/\/maarjamagdaleenagild.ee\/pood\/toode\/lobus-ja-loov-maalimine\/","title":{"rendered":"L\u00f5bus ja loov maalimine"},"content":{"rendered":"<div data-canvas-width=\"240.73600000000002\">Grupi suurus: alates 8 inimest<\/div>\n<div data-canvas-width=\"116.36800000000001\">Vanus alates 5.a<\/div>\n<div data-canvas-width=\"114.688\">Kestvus: 2-3 h<\/div>\n<div data-canvas-width=\"386.976\">Hind oleneb toimumiskohast ja osalejate arvust.<\/div>\n<div data-canvas-width=\"532.0000000000001\">Maalimine toimub vastavalt Teie soovile Gildis v\u00f5i v\u00e4ljaspool Gildi.<\/div>\n<div data-canvas-width=\"599.216\">L\u00f5bus ja loov maalimine on tore \u00fcritus, mille ajal veedame m\u00f5nusalt aega ja naudime koostegemise r\u00f5\u00f5mu!<\/div>\n<div data-canvas-width=\"593.4879999999999\">Loome laheda \u00f5hkkonna ja anname endast parima, et saaksite julgustust edaspidigi oma loovust v\u00e4ljendada.<\/div>\n<div data-canvas-width=\"522.864\">Huvi korral v\u00f5ta palun \u00fchendust ja leiame kindlasti meelep\u00e4rase lahenduse.<\/div>\n<div data-canvas-width=\"575.8879999999999\">Pakume erinevaid meediume ja teemasid. Soovi korral ka suupistete ja jookide v\u00f5imalus.<\/div>\n<div data-canvas-width=\"222.656\">Keel: eesti keel, inglise kee<\/div>\n<p>Juhendaja: <a href=\"https:\/\/maarjamagdaleenagild.ee\/lahe-stuudio\/\">Mari_Helen Vili Lahe stuudio<\/a><br \/>\n<a href=\"tel:+37255578637\">+372 55578637<\/a><br \/>\n<a href=\"mailto:marihelenvili@gmail.com\">marihelenvili@gmail.com<\/a><\/p>\n","protected":false},"excerpt":{"rendered":"<p>Grupi suurus: alates 8 inimest Vanus alates 5.a Kestvus: 2-3 h Hind oleneb toimumiskohast ja osalejate arvust. Maalimine toimub vastavalt Teie soovile Gildis v\u00f5i v\u00e4ljaspool Gildi. L\u00f5bus ja loov maalimine on tore \u00fcritus, mille ajal veedame m\u00f5nusalt aega ja naudime koostegemise r\u00f5\u00f5mu! Loome laheda \u00f5hkkonna ja anname endast parima, et saaksite julgustust edaspidigi oma loovust [&#8230;]\n","protected":false},"featured_media":22424,"template":"","meta":{"_monsterinsights_skip_tracking":false,"_monsterinsights_sitenote_active":false,"_monsterinsights_sitenote_note":"","_monsterinsights_sitenote_category":0},"product_brand":[],"product_cat":[772,16],"product_tag":[774,785],"class_list":{"0":"post-22423","1":"product","2":"type-product","3":"status-publish","4":"has-post-thumbnail","6":"product_cat-lahe-stuudio","7":"product_cat-tootoad","8":"product_tag-lahe-stuudio","9":"product_tag-marihelenvili","10":"pa_grupi-suurus-alates-8","11":"pa_hind-soltub-osalejate-arvust-ja-toimumiskohast","12":"pa_keel-eesti-keel","13":"pa_keel-inglise-keel","14":"pa_kestvus-2-3-h","15":"pa_vanus-alates-5","17":"first","18":"instock","19":"shipping-taxable","20":"product-type-simple"},"yoast_head":"<!-- This site is optimized with the Yoast SEO plugin v27.0 - https:\/\/yoast.com\/product\/yoast-seo-wordpress\/ -->\n<title>L\u00f5bus ja loov maalimine - Maarja-Magdaleena Gild<\/title>\n<meta name=\"robots\" content=\"index, follow, max-snippet:-1, max-image-preview:large, max-video-preview:-1\" \/>\n<link rel=\"canonical\" href=\"https:\/\/maarjamagdaleenagild.ee\/pood\/toode\/lobus-ja-loov-maalimine\/\" \/>\n<meta property=\"og:locale\" content=\"et_EE\" \/>\n<meta property=\"og:type\" content=\"article\" \/>\n<meta property=\"og:title\" content=\"L\u00f5bus ja loov maalimine - Maarja-Magdaleena Gild\" \/>\n<meta property=\"og:description\" content=\"Grupi suurus: alates 8 inimest Vanus alates 5.a Kestvus: 2-3 h Hind oleneb toimumiskohast ja osalejate arvust. Maalimine toimub vastavalt Teie soovile Gildis v\u00f5i v\u00e4ljaspool Gildi. L\u00f5bus ja loov maalimine on tore \u00fcritus, mille ajal veedame m\u00f5nusalt aega ja naudime koostegemise r\u00f5\u00f5mu! Loome laheda \u00f5hkkonna ja anname endast parima, et saaksite julgustust edaspidigi oma loovust [...]\" \/>\n<meta property=\"og:url\" content=\"https:\/\/maarjamagdaleenagild.ee\/pood\/toode\/lobus-ja-loov-maalimine\/\" \/>\n<meta property=\"og:site_name\" content=\"Maarja-Magdaleena Gild\" \/>\n<meta property=\"article:publisher\" content=\"https:\/\/www.facebook.com\/MaarjaMagdaleenaGild\" \/>\n<meta property=\"article:modified_time\" content=\"2023-10-05T08:34:38+00:00\" \/>\n<meta property=\"og:image\" content=\"https:\/\/maarjamagdaleenagild.ee\/pood\/wp-content\/uploads\/2022\/10\/c.lahe_-scaled.jpeg\" \/>\n\t<meta property=\"og:image:width\" content=\"1707\" \/>\n\t<meta property=\"og:image:height\" content=\"2560\" \/>\n\t<meta property=\"og:image:type\" content=\"image\/jpeg\" \/>\n<meta name=\"twitter:card\" content=\"summary_large_image\" \/>\n<meta name=\"twitter:label1\" content=\"Est. reading time\" \/>\n\t<meta name=\"twitter:data1\" content=\"1 minut\" \/>\n<script type=\"application\/ld+json\" class=\"yoast-schema-graph\">{\"@context\":\"https:\/\/schema.org\",\"@graph\":[{\"@type\":\"WebPage\",\"@id\":\"https:\/\/maarjamagdaleenagild.ee\/pood\/toode\/lobus-ja-loov-maalimine\/\",\"url\":\"https:\/\/maarjamagdaleenagild.ee\/pood\/toode\/lobus-ja-loov-maalimine\/\",\"name\":\"L\u00f5bus ja loov maalimine - Maarja-Magdaleena Gild\",\"isPartOf\":{\"@id\":\"https:\/\/maarjamagdaleenagild.ee\/pood\/#website\"},\"primaryImageOfPage\":{\"@id\":\"https:\/\/maarjamagdaleenagild.ee\/pood\/toode\/lobus-ja-loov-maalimine\/#primaryimage\"},\"image\":{\"@id\":\"https:\/\/maarjamagdaleenagild.ee\/pood\/toode\/lobus-ja-loov-maalimine\/#primaryimage\"},\"thumbnailUrl\":\"https:\/\/maarjamagdaleenagild.ee\/pood\/wp-content\/uploads\/2022\/10\/c.lahe_-scaled.jpeg\",\"datePublished\":\"2022-10-19T09:31:11+00:00\",\"dateModified\":\"2023-10-05T08:34:38+00:00\",\"breadcrumb\":{\"@id\":\"https:\/\/maarjamagdaleenagild.ee\/pood\/toode\/lobus-ja-loov-maalimine\/#breadcrumb\"},\"inLanguage\":\"et\",\"potentialAction\":[{\"@type\":\"ReadAction\",\"target\":[\"https:\/\/maarjamagdaleenagild.ee\/pood\/toode\/lobus-ja-loov-maalimine\/\"]}]},{\"@type\":\"ImageObject\",\"inLanguage\":\"et\",\"@id\":\"https:\/\/maarjamagdaleenagild.ee\/pood\/toode\/lobus-ja-loov-maalimine\/#primaryimage\",\"url\":\"https:\/\/maarjamagdaleenagild.ee\/pood\/wp-content\/uploads\/2022\/10\/c.lahe_-scaled.jpeg\",\"contentUrl\":\"https:\/\/maarjamagdaleenagild.ee\/pood\/wp-content\/uploads\/2022\/10\/c.lahe_-scaled.jpeg\",\"width\":1707,\"height\":2560},{\"@type\":\"BreadcrumbList\",\"@id\":\"https:\/\/maarjamagdaleenagild.ee\/pood\/toode\/lobus-ja-loov-maalimine\/#breadcrumb\",\"itemListElement\":[{\"@type\":\"ListItem\",\"position\":1,\"name\":\"Home\",\"item\":\"https:\/\/maarjamagdaleenagild.ee\/pood\/\"},{\"@type\":\"ListItem\",\"position\":2,\"name\":\"Pood\",\"item\":\"https:\/\/maarjamagdaleenagild.ee\/pood\/pood\/\"},{\"@type\":\"ListItem\",\"position\":3,\"name\":\"L\u00f5bus ja loov maalimine\"}]},{\"@type\":\"WebSite\",\"@id\":\"https:\/\/maarjamagdaleenagild.ee\/pood\/#website\",\"url\":\"https:\/\/maarjamagdaleenagild.ee\/pood\/\",\"name\":\"Maarja-Magdaleena Gild\",\"description\":\"E-pood\",\"publisher\":{\"@id\":\"https:\/\/maarjamagdaleenagild.ee\/pood\/#organization\"},\"potentialAction\":[{\"@type\":\"SearchAction\",\"target\":{\"@type\":\"EntryPoint\",\"urlTemplate\":\"https:\/\/maarjamagdaleenagild.ee\/pood\/?s={search_term_string}\"},\"query-input\":{\"@type\":\"PropertyValueSpecification\",\"valueRequired\":true,\"valueName\":\"search_term_string\"}}],\"inLanguage\":\"et\"},{\"@type\":\"Organization\",\"@id\":\"https:\/\/maarjamagdaleenagild.ee\/pood\/#organization\",\"name\":\"MT\u00dc Maarja-Magdaleena Gild\",\"url\":\"https:\/\/maarjamagdaleenagild.ee\/pood\/\",\"logo\":{\"@type\":\"ImageObject\",\"inLanguage\":\"et\",\"@id\":\"https:\/\/maarjamagdaleenagild.ee\/pood\/#\/schema\/logo\/image\/\",\"url\":\"https:\/\/maarjamagdaleenagild.ee\/pood\/wp-content\/uploads\/2020\/10\/MMGild_VAIKE.jpg\",\"contentUrl\":\"https:\/\/maarjamagdaleenagild.ee\/pood\/wp-content\/uploads\/2020\/10\/MMGild_VAIKE.jpg\",\"width\":121,\"height\":160,\"caption\":\"MT\u00dc Maarja-Magdaleena Gild\"},\"image\":{\"@id\":\"https:\/\/maarjamagdaleenagild.ee\/pood\/#\/schema\/logo\/image\/\"},\"sameAs\":[\"https:\/\/www.facebook.com\/MaarjaMagdaleenaGild\",\"https:\/\/www.instagram.com\/maarjamagdaleenagild\/\",\"https:\/\/youtube.com\/channel\/UC58lYlWK76vAqsDJ_gunuow\"]}]}<\/script>\n<!-- \/ Yoast SEO plugin. -->","yoast_head_json":{"title":"L\u00f5bus ja loov maalimine - Maarja-Magdaleena Gild","robots":{"index":"index","follow":"follow","max-snippet":"max-snippet:-1","max-image-preview":"max-image-preview:large","max-video-preview":"max-video-preview:-1"},"canonical":"https:\/\/maarjamagdaleenagild.ee\/pood\/toode\/lobus-ja-loov-maalimine\/","og_locale":"et_EE","og_type":"article","og_title":"L\u00f5bus ja loov maalimine - Maarja-Magdaleena Gild","og_description":"Grupi suurus: alates 8 inimest Vanus alates 5.a Kestvus: 2-3 h Hind oleneb toimumiskohast ja osalejate arvust. Maalimine toimub vastavalt Teie soovile Gildis v\u00f5i v\u00e4ljaspool Gildi. L\u00f5bus ja loov maalimine on tore \u00fcritus, mille ajal veedame m\u00f5nusalt aega ja naudime koostegemise r\u00f5\u00f5mu! Loome laheda \u00f5hkkonna ja anname endast parima, et saaksite julgustust edaspidigi oma loovust [...]","og_url":"https:\/\/maarjamagdaleenagild.ee\/pood\/toode\/lobus-ja-loov-maalimine\/","og_site_name":"Maarja-Magdaleena Gild","article_publisher":"https:\/\/www.facebook.com\/MaarjaMagdaleenaGild","article_modified_time":"2023-10-05T08:34:38+00:00","og_image":[{"width":1707,"height":2560,"url":"https:\/\/maarjamagdaleenagild.ee\/pood\/wp-content\/uploads\/2022\/10\/c.lahe_-scaled.jpeg","type":"image\/jpeg"}],"twitter_card":"summary_large_image","twitter_misc":{"Est. reading time":"1 minut"},"schema":{"@context":"https:\/\/schema.org","@graph":[{"@type":"WebPage","@id":"https:\/\/maarjamagdaleenagild.ee\/pood\/toode\/lobus-ja-loov-maalimine\/","url":"https:\/\/maarjamagdaleenagild.ee\/pood\/toode\/lobus-ja-loov-maalimine\/","name":"L\u00f5bus ja loov maalimine - Maarja-Magdaleena Gild","isPartOf":{"@id":"https:\/\/maarjamagdaleenagild.ee\/pood\/#website"},"primaryImageOfPage":{"@id":"https:\/\/maarjamagdaleenagild.ee\/pood\/toode\/lobus-ja-loov-maalimine\/#primaryimage"},"image":{"@id":"https:\/\/maarjamagdaleenagild.ee\/pood\/toode\/lobus-ja-loov-maalimine\/#primaryimage"},"thumbnailUrl":"https:\/\/maarjamagdaleenagild.ee\/pood\/wp-content\/uploads\/2022\/10\/c.lahe_-scaled.jpeg","datePublished":"2022-10-19T09:31:11+00:00","dateModified":"2023-10-05T08:34:38+00:00","breadcrumb":{"@id":"https:\/\/maarjamagdaleenagild.ee\/pood\/toode\/lobus-ja-loov-maalimine\/#breadcrumb"},"inLanguage":"et","potentialAction":[{"@type":"ReadAction","target":["https:\/\/maarjamagdaleenagild.ee\/pood\/toode\/lobus-ja-loov-maalimine\/"]}]},{"@type":"ImageObject","inLanguage":"et","@id":"https:\/\/maarjamagdaleenagild.ee\/pood\/toode\/lobus-ja-loov-maalimine\/#primaryimage","url":"https:\/\/maarjamagdaleenagild.ee\/pood\/wp-content\/uploads\/2022\/10\/c.lahe_-scaled.jpeg","contentUrl":"https:\/\/maarjamagdaleenagild.ee\/pood\/wp-content\/uploads\/2022\/10\/c.lahe_-scaled.jpeg","width":1707,"height":2560},{"@type":"BreadcrumbList","@id":"https:\/\/maarjamagdaleenagild.ee\/pood\/toode\/lobus-ja-loov-maalimine\/#breadcrumb","itemListElement":[{"@type":"ListItem","position":1,"name":"Home","item":"https:\/\/maarjamagdaleenagild.ee\/pood\/"},{"@type":"ListItem","position":2,"name":"Pood","item":"https:\/\/maarjamagdaleenagild.ee\/pood\/pood\/"},{"@type":"ListItem","position":3,"name":"L\u00f5bus ja loov maalimine"}]},{"@type":"WebSite","@id":"https:\/\/maarjamagdaleenagild.ee\/pood\/#website","url":"https:\/\/maarjamagdaleenagild.ee\/pood\/","name":"Maarja-Magdaleena Gild","description":"E-pood","publisher":{"@id":"https:\/\/maarjamagdaleenagild.ee\/pood\/#organization"},"potentialAction":[{"@type":"SearchAction","target":{"@type":"EntryPoint","urlTemplate":"https:\/\/maarjamagdaleenagild.ee\/pood\/?s={search_term_string}"},"query-input":{"@type":"PropertyValueSpecification","valueRequired":true,"valueName":"search_term_string"}}],"inLanguage":"et"},{"@type":"Organization","@id":"https:\/\/maarjamagdaleenagild.ee\/pood\/#organization","name":"MT\u00dc Maarja-Magdaleena Gild","url":"https:\/\/maarjamagdaleenagild.ee\/pood\/","logo":{"@type":"ImageObject","inLanguage":"et","@id":"https:\/\/maarjamagdaleenagild.ee\/pood\/#\/schema\/logo\/image\/","url":"https:\/\/maarjamagdaleenagild.ee\/pood\/wp-content\/uploads\/2020\/10\/MMGild_VAIKE.jpg","contentUrl":"https:\/\/maarjamagdaleenagild.ee\/pood\/wp-content\/uploads\/2020\/10\/MMGild_VAIKE.jpg","width":121,"height":160,"caption":"MT\u00dc Maarja-Magdaleena Gild"},"image":{"@id":"https:\/\/maarjamagdaleenagild.ee\/pood\/#\/schema\/logo\/image\/"},"sameAs":["https:\/\/www.facebook.com\/MaarjaMagdaleenaGild","https:\/\/www.instagram.com\/maarjamagdaleenagild\/","https:\/\/youtube.com\/channel\/UC58lYlWK76vAqsDJ_gunuow"]}]}},"_links":{"self":[{"href":"https:\/\/maarjamagdaleenagild.ee\/pood\/wp-json\/wp\/v2\/product\/22423","targetHints":{"allow":["GET"]}}],"collection":[{"href":"https:\/\/maarjamagdaleenagild.ee\/pood\/wp-json\/wp\/v2\/product"}],"about":[{"href":"https:\/\/maarjamagdaleenagild.ee\/pood\/wp-json\/wp\/v2\/types\/product"}],"wp:featuredmedia":[{"embeddable":true,"href":"https:\/\/maarjamagdaleenagild.ee\/pood\/wp-json\/wp\/v2\/media\/22424"}],"wp:attachment":[{"href":"https:\/\/maarjamagdaleenagild.ee\/pood\/wp-json\/wp\/v2\/media?parent=22423"}],"wp:term":[{"taxonomy":"product_brand","embeddable":true,"href":"https:\/\/maarjamagdaleenagild.ee\/pood\/wp-json\/wp\/v2\/product_brand?post=22423"},{"taxonomy":"product_cat","embeddable":true,"href":"https:\/\/maarjamagdaleenagild.ee\/pood\/wp-json\/wp\/v2\/product_cat?post=22423"},{"taxonomy":"product_tag","embeddable":true,"href":"https:\/\/maarjamagdaleenagild.ee\/pood\/wp-json\/wp\/v2\/product_tag?post=22423"}],"curies":[{"name":"wp","href":"https:\/\/api.w.org\/{rel}","templated":true}]}}