{"id":22927,"date":"2025-02-25T16:22:33","date_gmt":"2025-02-25T13:22:33","guid":{"rendered":"https:\/\/maarjamagdaleenagild.ee\/pood\/?post_type=product&#038;p=22927"},"modified":"2025-12-05T22:00:53","modified_gmt":"2025-12-05T19:00:53","slug":"puidupoletuskunsti-tootuba","status":"publish","type":"product","link":"https:\/\/maarjamagdaleenagild.ee\/pood\/toode\/puidupoletuskunsti-tootuba\/","title":{"rendered":"Puidup\u00f5letuskunsti t\u00f6\u00f6tuba"},"content":{"rendered":"<p>Alates 7. eluaastast pakume puidup\u00f5letuskunsti t\u00f6\u00f6tuba, kus p\u00f5letuspliiatsiga saab dekoreerida erinevaid puidust esemeid \u2013 kuumaaluseid, k\u00f6\u00f6gitarvikuid, v\u00f5tmehoidjaid, meeneid, ehteid. Esemed sobivad kinkimiseks! Passib h\u00e4sti ka teismelistele noortele, nii poistele kui t\u00fcdrukutele!<\/p>\n<p>Hind s\u00f5ltub sellest, mitu eset soovitakse teha. 1 v\u00e4ike ese 5 eurot 1 tund, mitu eset 10-15 eurot 1,5 tundi<\/p>\n<p>Juhendaja: <a href=\"https:\/\/maarjamagdaleenagild.ee\/kojad\/savilille-stuudio\/\">Silja Joon<\/a><\/p>\n<p><a href=\"tel:+372 55615559\">+37255615559<\/a><br \/>\n<a href=\"mailto:savililleke@gmail.com\">savililleke@gmail.com<\/a><\/p>\n","protected":false},"excerpt":{"rendered":"<h2>5\u20ac<\/h2>\n","protected":false},"featured_media":22928,"template":"","meta":{"_monsterinsights_skip_tracking":false,"_monsterinsights_sitenote_active":false,"_monsterinsights_sitenote_note":"","_monsterinsights_sitenote_category":0},"product_brand":[],"product_cat":[802,803,16],"product_tag":[806,804,805],"class_list":{"0":"post-22927","1":"product","2":"type-product","3":"status-publish","4":"has-post-thumbnail","6":"product_cat-savilille-stuudio","7":"product_cat-silja-joon","8":"product_cat-tootoad","9":"product_tag-puidupoletus","10":"product_tag-savilillestuudio","11":"product_tag-siljajoon","12":"pa_grupi-suurus-1-3","13":"pa_hind-5-e-osaleja","14":"pa_keel-eesti-keel","15":"pa_keel-inglise-keel","16":"pa_keel-vene-keel","17":"pa_kestvus-1-h","18":"pa_vanus-alates-7","20":"first","21":"instock","22":"shipping-taxable","23":"product-type-simple"},"yoast_head":"<!-- This site is optimized with the Yoast SEO plugin v27.0 - https:\/\/yoast.com\/product\/yoast-seo-wordpress\/ -->\n<title>Puidup\u00f5letuskunsti t\u00f6\u00f6tuba - Maarja-Magdaleena Gild<\/title>\n<meta name=\"description\" content=\"Puidup\u00f5letuskunsti t\u00f6\u00f6tuba, kus p\u00f5letuspliiatsiga saab dekoreerida erinevaid puidust esemeid \u2013 kuumaaluseid, k\u00f6\u00f6gitarvikuid, v\u00f5tmehoidjaid, meeneid, ehteid\" \/>\n<meta name=\"robots\" content=\"index, follow, max-snippet:-1, max-image-preview:large, max-video-preview:-1\" \/>\n<link rel=\"canonical\" href=\"https:\/\/maarjamagdaleenagild.ee\/pood\/toode\/puidupoletuskunsti-tootuba\/\" \/>\n<meta property=\"og:locale\" content=\"et_EE\" \/>\n<meta property=\"og:type\" content=\"article\" \/>\n<meta property=\"og:title\" content=\"Puidup\u00f5letuskunsti t\u00f6\u00f6tuba - Maarja-Magdaleena Gild\" \/>\n<meta property=\"og:description\" content=\"Puidup\u00f5letuskunsti t\u00f6\u00f6tuba, kus p\u00f5letuspliiatsiga saab dekoreerida erinevaid puidust esemeid \u2013 kuumaaluseid, k\u00f6\u00f6gitarvikuid, v\u00f5tmehoidjaid, meeneid, ehteid\" \/>\n<meta property=\"og:url\" content=\"https:\/\/maarjamagdaleenagild.ee\/pood\/toode\/puidupoletuskunsti-tootuba\/\" \/>\n<meta property=\"og:site_name\" content=\"Maarja-Magdaleena Gild\" \/>\n<meta property=\"article:publisher\" content=\"https:\/\/www.facebook.com\/MaarjaMagdaleenaGild\" \/>\n<meta property=\"article:modified_time\" content=\"2025-12-05T19:00:53+00:00\" \/>\n<meta property=\"og:image\" content=\"https:\/\/maarjamagdaleenagild.ee\/pood\/wp-content\/uploads\/2025\/02\/529b2af0-2ffd-486c-b19c-55a052c0295b.jpg\" \/>\n\t<meta property=\"og:image:width\" content=\"1536\" \/>\n\t<meta property=\"og:image:height\" content=\"2048\" \/>\n\t<meta property=\"og:image:type\" content=\"image\/jpeg\" \/>\n<meta name=\"twitter:card\" content=\"summary_large_image\" \/>\n<meta name=\"twitter:label1\" content=\"Est. reading time\" \/>\n\t<meta name=\"twitter:data1\" content=\"1 minut\" \/>\n<script type=\"application\/ld+json\" class=\"yoast-schema-graph\">{\"@context\":\"https:\/\/schema.org\",\"@graph\":[{\"@type\":\"WebPage\",\"@id\":\"https:\/\/maarjamagdaleenagild.ee\/pood\/toode\/puidupoletuskunsti-tootuba\/\",\"url\":\"https:\/\/maarjamagdaleenagild.ee\/pood\/toode\/puidupoletuskunsti-tootuba\/\",\"name\":\"Puidup\u00f5letuskunsti t\u00f6\u00f6tuba - Maarja-Magdaleena Gild\",\"isPartOf\":{\"@id\":\"https:\/\/maarjamagdaleenagild.ee\/pood\/#website\"},\"primaryImageOfPage\":{\"@id\":\"https:\/\/maarjamagdaleenagild.ee\/pood\/toode\/puidupoletuskunsti-tootuba\/#primaryimage\"},\"image\":{\"@id\":\"https:\/\/maarjamagdaleenagild.ee\/pood\/toode\/puidupoletuskunsti-tootuba\/#primaryimage\"},\"thumbnailUrl\":\"https:\/\/maarjamagdaleenagild.ee\/pood\/wp-content\/uploads\/2025\/02\/529b2af0-2ffd-486c-b19c-55a052c0295b.jpg\",\"datePublished\":\"2025-02-25T13:22:33+00:00\",\"dateModified\":\"2025-12-05T19:00:53+00:00\",\"description\":\"Puidup\u00f5letuskunsti t\u00f6\u00f6tuba, kus p\u00f5letuspliiatsiga saab dekoreerida erinevaid puidust esemeid \u2013 kuumaaluseid, k\u00f6\u00f6gitarvikuid, v\u00f5tmehoidjaid, meeneid, ehteid\",\"breadcrumb\":{\"@id\":\"https:\/\/maarjamagdaleenagild.ee\/pood\/toode\/puidupoletuskunsti-tootuba\/#breadcrumb\"},\"inLanguage\":\"et\",\"potentialAction\":[{\"@type\":\"ReadAction\",\"target\":[\"https:\/\/maarjamagdaleenagild.ee\/pood\/toode\/puidupoletuskunsti-tootuba\/\"]}]},{\"@type\":\"ImageObject\",\"inLanguage\":\"et\",\"@id\":\"https:\/\/maarjamagdaleenagild.ee\/pood\/toode\/puidupoletuskunsti-tootuba\/#primaryimage\",\"url\":\"https:\/\/maarjamagdaleenagild.ee\/pood\/wp-content\/uploads\/2025\/02\/529b2af0-2ffd-486c-b19c-55a052c0295b.jpg\",\"contentUrl\":\"https:\/\/maarjamagdaleenagild.ee\/pood\/wp-content\/uploads\/2025\/02\/529b2af0-2ffd-486c-b19c-55a052c0295b.jpg\",\"width\":1536,\"height\":2048},{\"@type\":\"BreadcrumbList\",\"@id\":\"https:\/\/maarjamagdaleenagild.ee\/pood\/toode\/puidupoletuskunsti-tootuba\/#breadcrumb\",\"itemListElement\":[{\"@type\":\"ListItem\",\"position\":1,\"name\":\"Home\",\"item\":\"https:\/\/maarjamagdaleenagild.ee\/pood\/\"},{\"@type\":\"ListItem\",\"position\":2,\"name\":\"Pood\",\"item\":\"https:\/\/maarjamagdaleenagild.ee\/pood\/pood\/\"},{\"@type\":\"ListItem\",\"position\":3,\"name\":\"Puidup\u00f5letuskunsti t\u00f6\u00f6tuba\"}]},{\"@type\":\"WebSite\",\"@id\":\"https:\/\/maarjamagdaleenagild.ee\/pood\/#website\",\"url\":\"https:\/\/maarjamagdaleenagild.ee\/pood\/\",\"name\":\"Maarja-Magdaleena Gild\",\"description\":\"E-pood\",\"publisher\":{\"@id\":\"https:\/\/maarjamagdaleenagild.ee\/pood\/#organization\"},\"potentialAction\":[{\"@type\":\"SearchAction\",\"target\":{\"@type\":\"EntryPoint\",\"urlTemplate\":\"https:\/\/maarjamagdaleenagild.ee\/pood\/?s={search_term_string}\"},\"query-input\":{\"@type\":\"PropertyValueSpecification\",\"valueRequired\":true,\"valueName\":\"search_term_string\"}}],\"inLanguage\":\"et\"},{\"@type\":\"Organization\",\"@id\":\"https:\/\/maarjamagdaleenagild.ee\/pood\/#organization\",\"name\":\"MT\u00dc Maarja-Magdaleena Gild\",\"url\":\"https:\/\/maarjamagdaleenagild.ee\/pood\/\",\"logo\":{\"@type\":\"ImageObject\",\"inLanguage\":\"et\",\"@id\":\"https:\/\/maarjamagdaleenagild.ee\/pood\/#\/schema\/logo\/image\/\",\"url\":\"https:\/\/maarjamagdaleenagild.ee\/pood\/wp-content\/uploads\/2020\/10\/MMGild_VAIKE.jpg\",\"contentUrl\":\"https:\/\/maarjamagdaleenagild.ee\/pood\/wp-content\/uploads\/2020\/10\/MMGild_VAIKE.jpg\",\"width\":121,\"height\":160,\"caption\":\"MT\u00dc Maarja-Magdaleena Gild\"},\"image\":{\"@id\":\"https:\/\/maarjamagdaleenagild.ee\/pood\/#\/schema\/logo\/image\/\"},\"sameAs\":[\"https:\/\/www.facebook.com\/MaarjaMagdaleenaGild\",\"https:\/\/www.instagram.com\/maarjamagdaleenagild\/\",\"https:\/\/youtube.com\/channel\/UC58lYlWK76vAqsDJ_gunuow\"]}]}<\/script>\n<!-- \/ Yoast SEO plugin. -->","yoast_head_json":{"title":"Puidup\u00f5letuskunsti t\u00f6\u00f6tuba - Maarja-Magdaleena Gild","description":"Puidup\u00f5letuskunsti t\u00f6\u00f6tuba, kus p\u00f5letuspliiatsiga saab dekoreerida erinevaid puidust esemeid \u2013 kuumaaluseid, k\u00f6\u00f6gitarvikuid, v\u00f5tmehoidjaid, meeneid, ehteid","robots":{"index":"index","follow":"follow","max-snippet":"max-snippet:-1","max-image-preview":"max-image-preview:large","max-video-preview":"max-video-preview:-1"},"canonical":"https:\/\/maarjamagdaleenagild.ee\/pood\/toode\/puidupoletuskunsti-tootuba\/","og_locale":"et_EE","og_type":"article","og_title":"Puidup\u00f5letuskunsti t\u00f6\u00f6tuba - Maarja-Magdaleena Gild","og_description":"Puidup\u00f5letuskunsti t\u00f6\u00f6tuba, kus p\u00f5letuspliiatsiga saab dekoreerida erinevaid puidust esemeid \u2013 kuumaaluseid, k\u00f6\u00f6gitarvikuid, v\u00f5tmehoidjaid, meeneid, ehteid","og_url":"https:\/\/maarjamagdaleenagild.ee\/pood\/toode\/puidupoletuskunsti-tootuba\/","og_site_name":"Maarja-Magdaleena Gild","article_publisher":"https:\/\/www.facebook.com\/MaarjaMagdaleenaGild","article_modified_time":"2025-12-05T19:00:53+00:00","og_image":[{"width":1536,"height":2048,"url":"https:\/\/maarjamagdaleenagild.ee\/pood\/wp-content\/uploads\/2025\/02\/529b2af0-2ffd-486c-b19c-55a052c0295b.jpg","type":"image\/jpeg"}],"twitter_card":"summary_large_image","twitter_misc":{"Est. reading time":"1 minut"},"schema":{"@context":"https:\/\/schema.org","@graph":[{"@type":"WebPage","@id":"https:\/\/maarjamagdaleenagild.ee\/pood\/toode\/puidupoletuskunsti-tootuba\/","url":"https:\/\/maarjamagdaleenagild.ee\/pood\/toode\/puidupoletuskunsti-tootuba\/","name":"Puidup\u00f5letuskunsti t\u00f6\u00f6tuba - Maarja-Magdaleena Gild","isPartOf":{"@id":"https:\/\/maarjamagdaleenagild.ee\/pood\/#website"},"primaryImageOfPage":{"@id":"https:\/\/maarjamagdaleenagild.ee\/pood\/toode\/puidupoletuskunsti-tootuba\/#primaryimage"},"image":{"@id":"https:\/\/maarjamagdaleenagild.ee\/pood\/toode\/puidupoletuskunsti-tootuba\/#primaryimage"},"thumbnailUrl":"https:\/\/maarjamagdaleenagild.ee\/pood\/wp-content\/uploads\/2025\/02\/529b2af0-2ffd-486c-b19c-55a052c0295b.jpg","datePublished":"2025-02-25T13:22:33+00:00","dateModified":"2025-12-05T19:00:53+00:00","description":"Puidup\u00f5letuskunsti t\u00f6\u00f6tuba, kus p\u00f5letuspliiatsiga saab dekoreerida erinevaid puidust esemeid \u2013 kuumaaluseid, k\u00f6\u00f6gitarvikuid, v\u00f5tmehoidjaid, meeneid, ehteid","breadcrumb":{"@id":"https:\/\/maarjamagdaleenagild.ee\/pood\/toode\/puidupoletuskunsti-tootuba\/#breadcrumb"},"inLanguage":"et","potentialAction":[{"@type":"ReadAction","target":["https:\/\/maarjamagdaleenagild.ee\/pood\/toode\/puidupoletuskunsti-tootuba\/"]}]},{"@type":"ImageObject","inLanguage":"et","@id":"https:\/\/maarjamagdaleenagild.ee\/pood\/toode\/puidupoletuskunsti-tootuba\/#primaryimage","url":"https:\/\/maarjamagdaleenagild.ee\/pood\/wp-content\/uploads\/2025\/02\/529b2af0-2ffd-486c-b19c-55a052c0295b.jpg","contentUrl":"https:\/\/maarjamagdaleenagild.ee\/pood\/wp-content\/uploads\/2025\/02\/529b2af0-2ffd-486c-b19c-55a052c0295b.jpg","width":1536,"height":2048},{"@type":"BreadcrumbList","@id":"https:\/\/maarjamagdaleenagild.ee\/pood\/toode\/puidupoletuskunsti-tootuba\/#breadcrumb","itemListElement":[{"@type":"ListItem","position":1,"name":"Home","item":"https:\/\/maarjamagdaleenagild.ee\/pood\/"},{"@type":"ListItem","position":2,"name":"Pood","item":"https:\/\/maarjamagdaleenagild.ee\/pood\/pood\/"},{"@type":"ListItem","position":3,"name":"Puidup\u00f5letuskunsti t\u00f6\u00f6tuba"}]},{"@type":"WebSite","@id":"https:\/\/maarjamagdaleenagild.ee\/pood\/#website","url":"https:\/\/maarjamagdaleenagild.ee\/pood\/","name":"Maarja-Magdaleena Gild","description":"E-pood","publisher":{"@id":"https:\/\/maarjamagdaleenagild.ee\/pood\/#organization"},"potentialAction":[{"@type":"SearchAction","target":{"@type":"EntryPoint","urlTemplate":"https:\/\/maarjamagdaleenagild.ee\/pood\/?s={search_term_string}"},"query-input":{"@type":"PropertyValueSpecification","valueRequired":true,"valueName":"search_term_string"}}],"inLanguage":"et"},{"@type":"Organization","@id":"https:\/\/maarjamagdaleenagild.ee\/pood\/#organization","name":"MT\u00dc Maarja-Magdaleena Gild","url":"https:\/\/maarjamagdaleenagild.ee\/pood\/","logo":{"@type":"ImageObject","inLanguage":"et","@id":"https:\/\/maarjamagdaleenagild.ee\/pood\/#\/schema\/logo\/image\/","url":"https:\/\/maarjamagdaleenagild.ee\/pood\/wp-content\/uploads\/2020\/10\/MMGild_VAIKE.jpg","contentUrl":"https:\/\/maarjamagdaleenagild.ee\/pood\/wp-content\/uploads\/2020\/10\/MMGild_VAIKE.jpg","width":121,"height":160,"caption":"MT\u00dc Maarja-Magdaleena Gild"},"image":{"@id":"https:\/\/maarjamagdaleenagild.ee\/pood\/#\/schema\/logo\/image\/"},"sameAs":["https:\/\/www.facebook.com\/MaarjaMagdaleenaGild","https:\/\/www.instagram.com\/maarjamagdaleenagild\/","https:\/\/youtube.com\/channel\/UC58lYlWK76vAqsDJ_gunuow"]}]}},"_links":{"self":[{"href":"https:\/\/maarjamagdaleenagild.ee\/pood\/wp-json\/wp\/v2\/product\/22927","targetHints":{"allow":["GET"]}}],"collection":[{"href":"https:\/\/maarjamagdaleenagild.ee\/pood\/wp-json\/wp\/v2\/product"}],"about":[{"href":"https:\/\/maarjamagdaleenagild.ee\/pood\/wp-json\/wp\/v2\/types\/product"}],"wp:featuredmedia":[{"embeddable":true,"href":"https:\/\/maarjamagdaleenagild.ee\/pood\/wp-json\/wp\/v2\/media\/22928"}],"wp:attachment":[{"href":"https:\/\/maarjamagdaleenagild.ee\/pood\/wp-json\/wp\/v2\/media?parent=22927"}],"wp:term":[{"taxonomy":"product_brand","embeddable":true,"href":"https:\/\/maarjamagdaleenagild.ee\/pood\/wp-json\/wp\/v2\/product_brand?post=22927"},{"taxonomy":"product_cat","embeddable":true,"href":"https:\/\/maarjamagdaleenagild.ee\/pood\/wp-json\/wp\/v2\/product_cat?post=22927"},{"taxonomy":"product_tag","embeddable":true,"href":"https:\/\/maarjamagdaleenagild.ee\/pood\/wp-json\/wp\/v2\/product_tag?post=22927"}],"curies":[{"name":"wp","href":"https:\/\/api.w.org\/{rel}","templated":true}]}}